{"id":18,"date":"2015-02-21T19:05:59","date_gmt":"2015-02-21T18:05:59","guid":{"rendered":"http:\/\/wvps83-169-12-21.dedicated.hosteurope.de\/igbce\/?page_id=18"},"modified":"2015-02-21T19:05:59","modified_gmt":"2015-02-21T18:05:59","slug":"mitglied-werden","status":"publish","type":"page","link":"https:\/\/2020.igbce-ingelheim.de\/?page_id=18","title":{"rendered":"Mitglied werden"},"content":{"rendered":"<div id=\"attachment_21\" style=\"width: 310px\" class=\"wp-caption alignright\"><a href=\"http:\/\/2020.igbce-ingelheim.de\/wp-content\/uploads\/2015\/02\/demo-protest-demonstration-frauen.jpg\"><img aria-describedby=\"caption-attachment-21\" loading=\"lazy\" class=\"size-medium wp-image-21\" src=\"http:\/\/2020.igbce-ingelheim.de\/wp-content\/uploads\/2015\/02\/demo-protest-demonstration-frauen-300x169.jpg\" alt=\"Foto: Frank Rogner\" width=\"300\" height=\"169\" srcset=\"https:\/\/2020.igbce-ingelheim.de\/wp-content\/uploads\/2015\/02\/demo-protest-demonstration-frauen-300x169.jpg 300w, https:\/\/2020.igbce-ingelheim.de\/wp-content\/uploads\/2015\/02\/demo-protest-demonstration-frauen.jpg 640w\" sizes=\"(max-width: 300px) 100vw, 300px\" \/><\/a><p id=\"caption-attachment-21\" class=\"wp-caption-text\">Foto: Frank Rogner<\/p><\/div>\n<h2 id=\"\">Gemeinsam statt einsam<\/h2>\n<div id=\"\" class=\"mark richtext\">\n<div>\n<p>Faire L\u00f6hne, gute Arbeitsbedingungen, 30 Tage Urlaub im Jahr und Lohnfortzahlung im Krankheitsfall &#8211; das alles gibt es vom Arbeitgeber nicht geschenkt. Die IG BCE k\u00e4mpft zusammen mit ihren Mitgliedern f\u00fcr eine bessere und gerechte Arbeitswelt.\u00a0Doch nicht nur das\u00a0sind gute Gr\u00fcnde f\u00fcr die Mitgliedschaft.<\/p>\n<div id=\"\" class=\"content-column post-page post-current-page post-first-page richtext\">\n<div>\n<p>Mit dem Mitgliedsausweis gibt es\u00a0beispielsweise eine Freizeitunfall-Versicherung\u00a0gratis, exklusive Informationen sowie Bildungsangebote. Der gr\u00f6\u00dfte Vorteil der Gewerkschaftsmitgliedschaft aber bleibt oft ungenannt: Wer sich engagiert, trifft automatisch auf ein gro\u00dfes Netzwerk von Gleichgesinnten. Und das macht die IG BCE einmalig: Nirgends in Deutschland gibt es eine gr\u00f6\u00dfere Plattform f\u00fcr einen Meinungs- und Erfahrungausstausch von Besch\u00e4ftigten in den Branchen Bergbau, Chemie, Energie, Papier, Wasserwirtschaft, Mineral\u00f6l, Entsorgung, Kautschuk, Keramik, Glas, Solar\u00a0und Leder.<\/p>\n<p><strong>Wer ist die IG BCE?<\/strong><\/p>\n<p>Die IG BCE ist die drittgr\u00f6\u00dfte Einzelgewerkschaft im Deutschen Gewerkschaftsbund (DGB) und z\u00e4hlt rund 675.000 Mitglieder.\u00a0Sie ist der Verhandlungspartner f\u00fcr die Arbeitgeber bei den Tarifverhandlungen u.a.\u00a0in den Branchen Bergbau, Chemie, Energie, Papier, Kautschuk, Keramik, Leder und Glas.<\/p>\n<p><strong>Wie ist die IG BCE aufgebaut?<\/strong><\/p>\n<p>Sitz der Verwaltung ist der Hauptvorstand in Hannover. Um stark vor Ort handeln zu k\u00f6nnen, gliedert sich die Gewerkschaft in verschiedene Ebenen. Insgesamt acht Landesbezirke bilden das Gegenst\u00fcck zu den Bundesl\u00e4ndern. Diese Landesbezirke unterteilen sich wiederum in 44 Bezirke, die sich vor allem auf die Arbeit in den Betrieben und in der Region konzentrieren.<\/p>\n<p><strong>Auf die Basis kommt es an<\/strong><\/p>\n<p>Besonders interessant f\u00fcr die Mitglieder sind die\u00a0 Ortsgruppen und Vertrauensleutek\u00f6rper. Beide bilden die ehrenamtliche Basis\u00a0vor Ort\u00a0und gew\u00e4hrleisten den Informationsaustausch beispielsweise zwischen Betrieben und Hauptvorstand. Letztendlich bilden Ortsgruppen und Vertrauensleutek\u00f6rper auch ein riesiges Netzwerk zum Austausch der Mitglieder untereinander.<\/p>\n<p>Welche Leistungen bietet die IG BCE? Das finden sie <a href=\"http:\/\/www.igbce.de\/igbce\/mitglied-werden\/6528\/welche-leistungen\" target=\"_blank\" rel=\"noopener noreferrer\">hier<\/a>.<\/p>\n<\/div>\n<\/div>\n<\/div>\n<\/div>\n<p>&nbsp;<\/p>\n<p><a href=\"http:\/\/www.igbce.de\/igbce\/mitglied-werden\/beitrittsformular\/\">Online Mitglied werden!<\/a><\/p>\n","protected":false},"excerpt":{"rendered":"<p>Gemeinsam statt einsam Faire L\u00f6hne, gute Arbeitsbedingungen, 30 Tage Urlaub im Jahr und Lohnfortzahlung im Krankheitsfall &#8211; das alles gibt es vom Arbeitgeber nicht geschenkt. Die IG BCE k\u00e4mpft zusammen &#8230; <a class=\"styledbutton\" href=\"https:\/\/2020.igbce-ingelheim.de\/?page_id=18\">Weiterlesen<\/a><\/p>\n","protected":false},"author":2,"featured_media":21,"parent":0,"menu_order":0,"comment_status":"closed","ping_status":"closed","template":"","meta":[],"_links":{"self":[{"href":"https:\/\/2020.igbce-ingelheim.de\/index.php?rest_route=\/wp\/v2\/pages\/18"}],"collection":[{"href":"https:\/\/2020.igbce-ingelheim.de\/index.php?rest_route=\/wp\/v2\/pages"}],"about":[{"href":"https:\/\/2020.igbce-ingelheim.de\/index.php?rest_route=\/wp\/v2\/types\/page"}],"author":[{"embeddable":true,"href":"https:\/\/2020.igbce-ingelheim.de\/index.php?rest_route=\/wp\/v2\/users\/2"}],"replies":[{"embeddable":true,"href":"https:\/\/2020.igbce-ingelheim.de\/index.php?rest_route=%2Fwp%2Fv2%2Fcomments&post=18"}],"version-history":[{"count":0,"href":"https:\/\/2020.igbce-ingelheim.de\/index.php?rest_route=\/wp\/v2\/pages\/18\/revisions"}],"wp:featuredmedia":[{"embeddable":true,"href":"https:\/\/2020.igbce-ingelheim.de\/index.php?rest_route=\/wp\/v2\/media\/21"}],"wp:attachment":[{"href":"https:\/\/2020.igbce-ingelheim.de\/index.php?rest_route=%2Fwp%2Fv2%2Fmedia&parent=18"}],"curies":[{"name":"wp","href":"https:\/\/api.w.org\/{rel}","templated":true}]}}